e -h + 6*j - 2*j = -16, 5*h - 3*j - 114 = 0. What is the units digit of h?
4
Let b be 2/7 + (-624)/(-21). What is the tens digit of ((-6)/15)/((-1)/b)?
1
Let d = -14 - -36. What is the tens digit of d?
2
Let m = -18 - -36. What is the units digit of m?
8
Suppose 3*p - 4 = 8. Suppose 0*o - 2*o - 4*f + 74 = 0, 2*f + 68 = 2*o. Suppose h = -p*h + o. What is the units digit of h?
7
Let z be (12/(-18))/(1/6). What is the units digit of (-26)/z*(2 + 2)?
6
Suppose 0 = -2*o - 2*o - h + 252, 252 = 4*o - h. What is the units digit of o?
3
Suppose 2*h - 2*g = -g + 12, -5*g = h + 16. Let y be 1 + 0 + h + 2. Suppose 3*k - 11 = y. What is the units digit of k?
6
Suppose 4*c + 3*n - 131 = 242, -188 = -2*c - 2*n. What is the tens digit of c?
9
Let h(f) = 3*f - 2*f - 6*f + 3*f. What is the units digit of h(-2)?
4
Let v(c) = -c**3 + 7*c**2 - c + 7. Let a = 15 - 8. Let x be v(a). Suppose x = -2*m + u - 2 + 4, 0 = u. What is the units digit of m?
1
Let k = -25 - -12. Let p = k + 23. What is the tens digit of p?
1
Let u = -3 - -2. What is the units digit of (u/((-2)/46))/1?
3
Let b(o) = -o**3 + 7*o**2 - 6*o + 2. Let p be b(6). Let k = p + -6. What is the units digit of (-49)/k - 2/8?
2
Let a = -88 + 106. What is the tens digit of a?
1
Let t = 93 - 55. Suppose 3*c = -10 - t. Let o = -11 - c. What is the units digit of o?
5
Suppose -4*h = 8, 5*c - 4*c + 4 = -3*h. Suppose -4*p - 4 - 4 = -c*j, -2*p + 4 = 0. What is the units digit of j?
8
What is the units digit of (-3)/(-7) - (-291)/7?
2
Let v(m) = -7*m**3 - 9 - 3*m - 7*m**2 + 3*m**3 + 3*m**3. What is the tens digit of v(-7)?
1
Suppose -4*n + 3*n = 0. Suppose -k - 9 - 13 = n. Let i = k - -34. What is the tens digit of i?
1
Let g = -13 - -15. Suppose 0 = -l - 2*h + 5, -28 = -g*l + 2*h - 0*h. What is the units digit of l?
1
Suppose -3*m = 6, -2*m + 65 = 4*s + 469. Let q = s - -143. What is the units digit of q?
3
Suppose -s = 2*v - 62, 3*v - 3*s - 78 + 3 = 0. What is the tens digit of v?
2
Suppose t - 6 = -2*t. Suppose 3*v - 60 = -t*v. What is the tens digit of v?
1
What is the tens digit of (15 - 12)*(-80)/(-6)?
4
Suppose 2*d = -d + 9. Suppose -4*c + 36 = 5*h, -16 = -3*c - 0*h - h. What is the units digit of c/(-6) - (-20)/d?
6
Suppose -30 + 85 = 5*r - 5*g, 3*r = 4*g + 28. What is the tens digit of r?
1
Suppose 3*m - 11 = -2*y - 2, 15 = -5*y. Suppose 3*c - m = 1. Suppose -3*j = c*n - 5*n - 3, 4*n - 20 = 0. What is the units digit of j?
6
What is the tens digit of ((-9)/(-6))/((-1)/(-10))?
1
Let a(m) = -m**2 + m + 9. Let w be a(7). Let f = 50 + w. What is the tens digit of f?
1
Let z(g) = g**2 + 10*g + 6. Let y be z(-10). Suppose w = -w + y. Suppose w*p - 12 - 12 = 0. What is the units digit of p?
8
Suppose -78 + 32 = a. Let y = 80 + a. What is the tens digit of y?
3
Let c(v) = -1 + v**3 - 1 - 4*v**2 + 7 - v. Let a be c(4). Let x(r) = 5*r**2 - 1. What is the units digit of x(a)?
4
Let x = -233 + 330. What is the units digit of x?
7
Suppose 8 - 4 = h. Suppose -h*g = -20, 4*g - 22 = 3*q - g. What is the units digit of q?
1
Let s(i) = 2*i - 2. Let u be 10/55 + (-62)/(-22). What is the units digit of s(u)?
4
Let d be -3 - (2 - -2)/2. Let l(s) = s**3 + 5*s**2 - 5*s - 5. What is the units digit of l(d)?
0
Suppose t + 0 = 2. Suppose t*x + 3*n - n + 12 = 0, 4*x + 44 = n. What is the units digit of 5/x + 3/2?
1
Let c = -248 + 530. What is the units digit of c?
2
Let d(v) = 9*v - 5. Let z be d(4). Suppose 3*o + 2*i + 47 + 22 = 0, -3*o - 54 = -3*i. Let x = z + o. What is the tens digit of x?
1
Let g(p) be the second derivative of -5/12*p**4 + 0 - 1/3*p**3 - 1/20*p**5 - 7/2*p**2 - p. What is the units digit of g(-5)?
3
Let l = 68 - 41. What is the tens digit of l?
2
Let g(o) = -o**2 + 6*o - 3. Let t be g(5). Suppose 5*x + l - 28 = 2*l, x + t*l + 1 = 0. Suppose 0 = x*d - 8 - 47. What is the tens digit of d?
1
Let x(o) = -o**2 - 6*o - 6. Let m be x(-4). Let l = -1 + m. What is the units digit of l?
1
Let s(m) = 2*m**2 - 5*m - 3. Let z = -5 + 10. Suppose g - z = -0*g. What is the units digit of s(g)?
2
Let z(o) = o**2 - 9*o - 10. Suppose 1 = -g, -3*g + 5 = w - 3. What is the tens digit of z(w)?
1
Suppose -8*z + 115 = -3*z + i, 54 = 2*z + 2*i. What is the tens digit of z?
2
Let b be 4/4*(-1 - -1). Suppose -5 = -n - 8*w + 3*w, 4*n + 4*w - 36 = b. What is the tens digit of n?
1
Suppose 4*r - 2*i = 3*i + 92, -3*i = r - 23. What is the tens digit of r?
2
Suppose -2*f = -0*v + 5*v - 35, 0 = 5*f + 4*v - 96. Let j = f + -2. What is the tens digit of j?
1
Let m = 0 - 3. Let f = m - -13. What is the tens digit of f?
1
Let k = 2 - -2. Let v = -13 + k. What is the units digit of ((-24)/v)/(2/3)?
4
What is the tens digit of 18*(16/(-56))/((-3)/7)?
1
Let s(d) = 3*d - 3. Let r be s(2). Suppose -4*v = -r*v - 2. Suppose -c = -5, -v*a = a - 3*c. What is the units digit of a?
5
Suppose 3*b + 44 - 7 = -5*u, 4*u = -3*b - 29. Let h = 29 + u. What is the units digit of h?
1
Let x = 19 + 23. What is the units digit of x?
2
Suppose c = -1 + 5, 3*c + 48 = 3*i. Let t be (3/(-2))/(1/(-2)). Suppose -u - t*q + i = 0, 19 = 2*u - 2*q + 3. What is the tens digit of u?
1
Suppose 2*u - 3*o = 5, -2*o = -5*u + 37 + 3. Suppose 0 = -5*i - u + 45. What is the units digit of i?
7
Let x = 17 + -11. Suppose -2*w + x = w. Suppose w*c - 4*c = -8. What is the units digit of c?
4
Suppose 77 - 623 = -3*u. What is the hundreds digit of u?
1
Let m be 39/(-2)*(-8)/12. Let k = 24 - m. Let a = 16 - k. What is the units digit of a?
5
Suppose 0 = r + 4*c + 38 - 4, 0 = -4*r - 3*c - 84. Let f be (-4)/6*r/4. Suppose 3*o = 8*o + 3*m - 28, 7 = 2*o - f*m. What is the units digit of o?
5
Suppose 643 = 8*t + 179. What is the units digit of t?
8
Let y = -36 + 22. Let r = -10 - y. Suppose 0 = -3*t - 3*n + 30, r*n = -0*t + 3*t - 16. What is the units digit of t?
8
Suppose 3*r - 4*c - 4 = 13, 3*c + 19 = -4*r. Let u be (-6)/(-3)*r + 0. Let b = u - -5. What is the units digit of b?
3
Let t(f) = f + 1. Suppose -5*j + j = 0. What is the units digit of t(j)?
1
Let b be 9/(1 + 0) - 0. Let i(p) = 2*p + b*p**3 - p - p**3. What is the units digit of i(1)?
9
Suppose 0*f - 5*r + 53 = 3*f, -2 = -2*r. Suppose 2*b - f = -b + j, 3*b - 8 = -j. What is the units digit of b?
4
What is the hundreds digit of (-4 - (-34)/7)*217 + -2?
1
Suppose -2*c = -c - 26. What is the tens digit of c?
2
Suppose 3*x + 43 - 130 = 0. What is the units digit of x?
9
Let a = -56 - -201. What is the units digit of a?
5
Let w(o) = 13*o**3 - 4*o**2 + o + 2. What is the tens digit of w(2)?
9
Let d = 5 + 10. Let f = 23 - d. What is the units digit of f?
8
Suppose 2*y - 3*m + 26 = -m, -1 = y + 3*m. What is the units digit of 4/12 + y/(-6)?
2
Suppose -2*f + 50 + 14 = 0. What is the tens digit of f?
3
Suppose -y = -3*y - 4*n - 136, -5*y - 4*n - 358 = 0. Let a = -49 - y. What is the tens digit of ((-170)/a)/((-2)/5)?
1
Let g be (-84)/(-18)*42/4. What is the units digit of ((-84)/g)/(2/(-7))?
6
Let m(h) be the first derivative of h**5/60 + 5*h**4/24 - 5*h**3/3 - h**2 - 3. Let p(j) be the second derivative of m(j). What is the tens digit of p(-8)?
1
Suppose 2*l - 3*d + 1 = l, -34 = 2*l + 2*d. Let u(o) = -21*o**3 + 2*o**2 + o - 2. Let j be u(1). Let a = l - j. What is the units digit of a?
7
Let h(j) = j**3 + 5*j**2 - 3*j - 6. Let m = -18 + 14. What is the units digit of h(m)?
2
Suppose -2*s - 24 = -0*s. Suppose 2*r + 3*r + 25 = 0. Let t = r - s. What is the units digit of t?
7
Let r(k) = -5*k + 12. Let y(n) = -n. Let a(p) = r(p) - 6*y(p). Let t = -15 - -10. What is the units digit of a(t)?
7
Let u(z) = z**3 - 12*z**2 - 8*z + 4. What is the units digit of u(13)?
9
Suppose 0 = -0*d + 2*d - 48. What is the tens digit of (d/6)/((-2)/(-17))?
3
Suppose 0 = 5*n - 0*n - 375. Suppose -5*m = t - 53, 4*m + 29 - n = -2*t. What is the units digit of m?
0
Suppose 3*w + b - 29 = -w, -b = -1. What is the units digit of w?
7
Let o = 6 + -1. Suppose -2*j + 2*x = x - o, -x = 1. What is the units digit of j?
2
Let l be 1/3 + 40/15. Let k be 5*6/45*l. Suppose -4 + 2 = -k*u. What is the units digit of u?
1
Suppose 3*v = v + 8. What is the units digit of ((-2)/v)/((-3)/12)?
2
Suppose 0 = -5*m + 3*c - 5, 30 = 5*m - 0*c + 4*c. Suppose 0*d = -m*d + 6. What is the units digit of d?
3
Suppose 9*u = 13*u - 8. What is the units digit of u?
2
Suppose -y + 32 = -5*y. Let o = -